et h = 24 - -11. Calculate the remainder when 137 is divided by h.
32
Suppose y + 22 = 4*v, -5*y - v = -3*v + 20. Let b be ((-4)/(-4))/(y/4). Let x(i) = -11*i - 2. What is the remainder when x(b) is divided by 11?
9
Let q(o) be the first derivative of -29*o**4/4 + o + 2. What is the remainder when q(-1) is divided by 11?
8
Suppose 4*l - 8*l = -528. Suppose -3*i - 3*a + l = -0*i, 0 = a. Calculate the remainder when i is divided by 15.
14
Suppose 11*u = 3*u + 232. What is the remainder when u is divided by 18?
11
Let z(k) = 2*k**2 - 4*k - 23. Calculate the remainder when z(7) is divided by (-2)/(1*(-2)/12).
11
Let u = -118 + 148. What is the remainder when 58 is divided by u?
28
Let n(l) = -l + 11*l**3 + 0 + 0. Let m = -4 + 5. Calculate the remainder when n(m) is divided by 6.
4
Let k = -2 + 25. Calculate the remainder when 45 is divided by k.
22
Let y = 0 - -12. Let c be (4 - 90)/(-1 + -1). Suppose -v = -3*n - 3*v + 108, 0 = -n - 3*v + c. What is the remainder when n is divided by y?
10
Let r(h) be the third derivative of h**4/12 - h**3/2 - h**2. Calculate the remainder when 12 is divided by r(5).
5
Let y(z) = -z**2 - 7*z - 1. Suppose -b = -3*f - 22 + 4, -4*f - 24 = 5*b. Calculate the remainder when y(f) is divided by 3.
2
Suppose 0 = -6*l + l - 55. Let v = 6 + l. What is the remainder when 39 is divided by (v + 1)*(1 - 6)?
19
Suppose -3*h = -11 - 1. Suppose z - 5 = -f - 2, 0 = 5*f - h*z - 15. What is the remainder when f is divided by 2?
1
Let t(r) = -4*r. Suppose -4*n - 2 = x, -5*x + 0*x + 12 = -2*n. Calculate the remainder when t(n) is divided by 3.
1
Let i(b) = -b**3 - 3*b**2 + 5*b - 3. Let n = 177 - 113. What is the remainder when n is divided by i(-5)?
20
Let f(c) = c**3 + 9*c**2 - 3*c - 3. Calculate the remainder when 95 is divided by f(-9).
23
Suppose 0 = -5*p + 3*u + 62, -3*u + 38 = 3*p - 5*u. Calculate the remainder when 39 is divided by p.
9
Calculate the remainder when 21 is divided by -1*(-1 - (6 - 1)).
3
Suppose 3*p - a = -8 + 49, 4*a = 5*p - 73. Calculate the remainder when p is divided by 7.
6
Let f be ((24/2)/3)/(-1). Let v(d) = d**3 + 5*d**2 + 4*d + 4. Let o be v(-3). Let m = o + f. Calculate the remainder when 11 is divided by m.
5
Let x(u) = u**3 - 3*u**2 + u - 3. Let s be x(3). Suppose -c + 2*q - 92 = -4*c, s = -5*c - q + 151. Calculate the remainder when c is divided by 11.
8
Calculate the remainder when 124 is divided by (294/28)/((-3)/(-4)).
12
Let v(h) = 51*h - 90. What is the remainder when 2*2*(-47)/(-4) is divided by v(2)?
11
Let n be (-22)/(-4) + 3/(-6). Suppose 0 = y + 1 - n. Suppose -2*z + 5*z = -a + 22, -y*z = -a - 41. What is the remainder when 26 is divided by z?
8
Let d be (-1)/((-2)/4) + 2. Suppose u - 4 = -u, d*u + 12 = r. Calculate the remainder when 78 is divided by r.
18
Let q = 9 + 6. Let r(j) = 3*j**2 - j + 4. What is the remainder when r(3) is divided by q?
13
Let m = -7 - -7. Suppose -5*l + l + 48 = m. Calculate the remainder when 4*(-3)/(-12)*21 is divided by l.
9
Suppose 248 = 4*h + 4*h. What is the remainder when 57 is divided by h?
26
Suppose 0 = 2*z + 5*u - 1 + 9, 0 = u + 2. Let h = 0 + 0. Suppose -3*t + h = -3. Calculate the remainder when z is divided by t.
0
Let j = -47 - -71. Calculate the remainder when 95 is divided by j.
23
Suppose -2*t + 0 = -10. Let y(c) = -c + 13. Let z be y(0). Let f = 31 - z. Calculate the remainder when f is divided by t.
3
Suppose -3*t + 39 = -4*i, -4*t = 4*i - 9*i - 52. What is the remainder when 50 is divided by t?
11
Suppose 3*s - 2*s = 3*n - 88, 5*n - 158 = -4*s. What is the remainder when n is divided by 11?
8
Let s = 15 - -5. Let o(b) = -38*b + 1. Calculate the remainder when o(-1) is divided by s.
19
Let x = 95 - 70. Let o(l) = -l**2 + 8*l - 5. What is the remainder when x is divided by o(6)?
4
Suppose 21*h = 19*h + 182. Let k(o) = -4*o**3 - 3*o**2 - 3*o - 3. What is the remainder when h is divided by k(-2)?
22
Let v be 78 + (-3 - 0) + 3. Suppose -5*s - 8 = -v. Calculate the remainder when s is divided by 6.
2
Let b = -10 + 18. What is the remainder when 15 is divided by b?
7
What is the remainder when (-4 - -2*4) + 37 is divided by 14?
13
Let f be 4/(-10)*25/(-5). Suppose -f*t - t = -48. Suppose 20 = d - 2*l, 4*d - 145 = -d + l. What is the remainder when d is divided by t?
14
Let n(m) be the third derivative of 2*m**5/15 - 2*m**2. What is the remainder when (-1)/((-129)/(-66) + -2) is divided by n(1)?
6
Calculate the remainder when 17 is divided by ((-3)/2*4)/(-1).
5
What is the remainder when 74 is divided by (-2)/(-9) + (-169)/(-9)?
17
Let q = -17 + 21. Suppose 0*i - q*i + 108 = 0. What is the remainder when 79 is divided by i?
25
Suppose -2*m - h = h - 82, 2*h - 124 = -3*m. Suppose 216 = 2*j + j. Let b = -50 + j. Calculate the remainder when m is divided by b.
20
Calculate the remainder when 4 - 1 - -13 - 1 is divided by 8.
7
Let r(u) = u**2 - 5. Let g be r(0). Suppose 3*t + 2*l + 2 = 0, -3*t + 22 = -4*l - 0*l. Calculate the remainder when 2/g - 162/(-30) is divided by t.
1
Suppose 2*u = 4*u - 3*w - 60, 2*w = -5*u + 112. What is the remainder when 45 is divided by u?
21
Suppose -m = -3*m + 62. What is the remainder when 60 is divided by m?
29
Let r = -10 - -22. What is the remainder when 21 is divided by r?
9
Suppose 4*t - 7 = 13. Suppose q = -n - 2, -2*n = t*q - 5*n - 22. Suppose -g - 203 = -5*p, -q*p + 108 = g + 31. Calculate the remainder when p is divided by 14.
12
Let g(w) = w**2 - 11*w + 11. Let s be g(10). Let h = s + 3. What is the remainder when h is divided by 2?
0
Let s(p) be the third derivative of -p**4/4 + p**3/6 + p**2. Calculate the remainder when s(-5) is divided by 16.
15
What is the remainder when ((-40)/(-15) - 3)*-156 is divided by 14?
10
Let p(i) = -i**3 + 5*i**2 - 8*i + 6. Let d(b) = 5*b**3 - 21*b**2 + 33*b - 24. Let l(x) = -2*d(x) - 9*p(x). Calculate the remainder when l(-5) is divided by 8.
6
Suppose -4*o + 60 = 4*n - 5*o, o = 2*n - 32. Suppose 49 = 21*b - 35. Calculate the remainder when n is divided by b.
2
Let w(d) = d**2 + d + 57. Let h be w(0). Suppose 5*m - h = 33. Suppose -u - 88 = -2*t + 3*u, -2*t + 100 = -u. Calculate the remainder when t is divided by m.
16
Let x(j) = -2*j + 3. Calculate the remainder when (-2 + 1)*15/(-1) is divided by x(-3).
6
Suppose -u = 4*m - 25, 2*m = 4*u + m - 49. What is the remainder when 17 is divided by u?
4
Let i(o) = -12*o - 10. Calculate the remainder when i(-6) is divided by 9.
8
Suppose 4*z = 2*r - 0*z - 84, 3*z = r - 39. What is the remainder when r is divided by 10?
8
Suppose 3 = 4*l - 5. Let i = 114 - 112. What is the remainder when l is divided by i?
0
Calculate the remainder when 1/(412/204 + -2) is divided by 9.
6
Let y be (1 - 0) + 0 + 3. Let h(a) = a**2 + 9*a - 3. Calculate the remainder when h(-10) is divided by y - 0/(4/(-2)).
3
Suppose 3*x - 2*x = -3*a + 15, 2*a = -3*x + 10. Suppose -4*z - v + 17 = -9, -a*v = -2*z + 2. Calculate the remainder when z is divided by 3.
0
Suppose 11*x - 7*x = 188. Let i(z) = z**3 - 11*z**2 + z + 14. What is the remainder when x is divided by i(11)?
22
Calculate the remainder when 85 + (1 - 3) + -1 is divided by 28.
26
Let a(s) = s**2 - 8*s + 24. Calculate the remainder when 71 is divided by a(8).
23
Let p(d) = -2*d + 1. Let f be p(-1). Suppose 2*z - 4*b - 26 = 0, -2*z - f*z + 3*b = -51. Calculate the remainder when 2/5 + 73/5 is divided by z.
6
Suppose y - 2*t = 41, 6*t = y + t - 32. Suppose 2*o + 2*n + 3*n - y = 0, 0 = -5*o - 5*n + 110. Let j = -8 + 20. What is the remainder when o is divided by j?
9
Calculate the remainder when -1 - (24/(-16))/((-1)/(-24)) is divided by 12.
11
Let g(w) = -3*w + 2. Let u(i) = 7*i + 8*i + 6*i. What is the remainder when u(1) is divided by g(-3)?
10
Suppose 0*l - 135 = -5*l. Let n be (-3)/3 - (-1 + 1). What is the remainder when l is divided by 1*(12 + 1) - n?
13
Let k(a) = -a**3 + a - 3. Calculate the remainder when 208 is divided by k(-3).
19
Calculate the remainder when 2/(-9) - 15120/(-243) is divided by 16.
14
Let o(b) = -13*b + 3. What is the remainder when o(-3) is divided by 11/(-2)*1*(-2 + 0)?
9
Suppose 4*g = 184 + 68. Suppose 5*a - g = 2*a. Calculate the remainder when a is divided by 8.
5
Let n = -27 + 51. What is the remainder when n is divided by 10?
4
Suppose 65 = 5*s + y, s + 0*y = 3*y - 3. What